b0?
-19101
In base 10, what is 3801 - 15?
3786
In base 5, what is 103 + 32430?
33033
In base 13, what is -18 - -1881?
1866
In base 2, what is -1011011010110101 + 0?
-1011011010110101
In base 10, what is -146 + -4677?
-4823
In base 4, what is -1210 + -1100?
-2310
In base 8, what is 3 - 377021?
-377016
In base 13, what is 847 - -20?
867
In base 4, what is 0 - 1323000330?
-1323000330
In base 6, what is -2510 + 21?
-2445
In base 7, what is 33 - -10111?
10144
In base 7, what is -326456 - -23?
-326433
In base 9, what is 37 - -14272?
14320
In base 8, what is 205427 + 6?
205435
In base 8, what is -563757 - 5?
-563764
In base 4, what is 1221 - -111130?
113011
In base 3, what is 2221 + -1020021110?
-1020011112
In base 2, what is -100111 - 1011?
-110010
In base 14, what is 7a6dd - -5?
7a704
In base 14, what is 2 - -7bd6?
7bd8
In base 5, what is 43 - -120021?
120114
In base 11, what is a8 + 169?
266
In base 15, what is -70 + 4eb9?
4e49
In base 9, what is -55 - -1517?
1452
In base 5, what is -100212 - -104?
-100103
In base 5, what is 414 - -11?
430
In base 12, what is -3 + -1347b1?
-1347b4
In base 15, what is 3 + a09?
a0c
In base 13, what is 2b847 + -10?
2b837
In base 14, what is -1 + 1182a4?
1182a3
In base 6, what is 4220311 + -5?
4220302
In base 2, what is 11001111001011000111 + -10?
11001111001011000101
In base 4, what is 3033000 + 23?
3033023
In base 10, what is -28 + 39632?
39604
In base 16, what is 4ca + 4f?
519
In base 7, what is -45142 + 16?
-45123
In base 15, what is -d0b2d + 3?
-d0b2a
In base 13, what is 18b + 350?
50b
In base 7, what is 524 - 62340?
-61513
In base 12, what is -2b7a4 - -5?
-2b79b
In base 6, what is 33114 - -121?
33235
In base 3, what is -1200 + -2122221012?
-2122222212
In base 13, what is 545 - 106?
43c
In base 3, what is 11 + 100021002110?
100021002121
In base 16, what is 6 - -6b191?
6b197
In base 14, what is 1 - -3b6a?
3b6b
In base 7, what is -322656 - -3?
-322653
In base 11, what is 8a49 + -17?
8a32
In base 8, what is 472705 + -2?
472703
In base 8, what is 67 + -216?
-127
In base 7, what is 10454 - -125?
10612
In base 5, what is 1001324 - -1?
1001330
In base 16, what is 1ebb + 16?
1ed1
In base 15, what is -13598 + -2?
-1359a
In base 15, what is 56ed - -4?
5702
In base 9, what is -1 - 3547?
-3548
In base 8, what is -63 - -113?
30
In base 16, what is 23378 - -d?
23385
In base 12, what is -b2 + 1032?
b40
In base 16, what is 3c343c - 5?
3c3437
In base 10, what is -16715 + 39?
-16676
In base 4, what is -3 + 10000033?
10000030
In base 11, what is 51 + -3932?
-3891
In base 16, what is -335 - 174f?
-1a84
In base 8, what is -2 - 513363?
-513365
In base 9, what is -251 - 5704?
-6055
In base 10, what is 3 + 7020?
7023
In base 6, what is -32 + -34?
-110
In base 13, what is a973 - 4?
a96c
In base 5, what is -204420 + 233?
-204132
In base 14, what is -1d1ba - -5?
-1d1b5
In base 5, what is 1103202 - -11?
1103213
In base 8, what is 3 + 2724656?
2724661
In base 4, what is 10232300 + 2?
10232302
In base 7, what is 62362 - -5?
62400
In base 16, what is 7 + 2d9d?
2da4
In base 10, what is 167910 - -1?
167911
In base 10, what is -194 - -433?
239
In base 15, what is 209 - -1be9?
1e03
In base 6, what is 21535 + -151?
21344
In base 8, what is 14 - -564?
600
In base 16, what is 9 - -31e85?
31e8e
In base 9, what is 1781034 + 3?
1781037
In base 6, what is -5125 - 5?
-5134
In base 3, what is 111 - 1210200011?
-1210122200
In base 9, what is 3 - 5268?
-5265
In base 7, what is -3303623 + -1?
-3303624
In base 16, what is 6674 - -2a?
669e
In base 2, what is -11010111000 + 1111100100?
-1011010100
In base 7, what is -34251640 - -1?
-34251636
In base 9, what is -1422 + 128?
-1283
In base 15, what is -3 - 9653?
-9656
In base 13, what is 19a - -181b?
19b8
In base 4, what is 10020 + 302112?
312132
In base 11, what is 872 - 25?
848
In base 9, what is 12124 - -32?
12156
In base 14, what is 6c8 + 162?
84a
In base 14, what is -50684 + 4?
-50680
In base 15, what is 14d23 + 1?
14d24
In base 6, what is 34 - 335213?
-335135
In base 14, what is -1 + -68bb?
-68bc
In base 3, what is 1000020212 - -12?
1000021001
In base 5, what is -1123212 - -2114?
-1121043
In base 5, what is 413043 - 14?
413024
In base 11, what is 1550 - -3?
1553
In base 14, what is 3 - -202d0?
202d3
In base 10, what is 234605 - 2?
234603
In base 7, what is 3 - -204142?
204145
In base 15, what is 2e0be - 3?
2e0bb
In base 4, what is -31313 + -113300?
-211213
In base 13, what is -2 - -244ab?
244a9
In base 2, what is 0 - 1110110100010110?
-1110110100010110
In base 7, what is 1003000 - -5?
1003005
In base 13, what is 42 - 12a4?
-1262
In base 5, what is -2 + -302022?
-302024
In base 9, what is -4 + 26363?
26358
In base 6, what is 1 + 10341024?
10341025
In base 14, what is -1 + 392b6?
392b5
In base 15, what is 3 + 167a?
167d
In base 7, what is -1132431 - -1?
-1132430
In base 12, what is -5 - -7451?
7448
In base 5, what is -4303113 - 10?
-4303123
In base 11, what is 4 - 184?
-180
In base 5, what is -202 + -31434?
-32141
In base 6, what is -21 - 541040?
-541101
In base 9, what is 2 - 1428?
-1426
In base 3, what is -121211 - 222?
-122210
In base 15, what is 10a1 + 137?
11d8
In base 10, what is 1 - -422044?
422045
In base 13, what is 13 + -7?
9
In base 5, what is 3 + 2442040?
2442043
In base 10, what is -40 + 164?
124
In base 12, what is -4 - 1b34?
-1b38
In base 3, what is -121022 + 121020?
-2
In base 13, what is -7 + -343a?
-3444
In base 4, what is 12 - -22112131?
22112203
In base 5, what is 103033 - -32?
103120
In base 6, what is 2 - 133040?
-133034
In base 9, what is -1 + -10705?
-10706
In base 13, what is -178 + 813?
668
In base 9, what is 551842 - -3?
551845
In base 12, what is 16a88a7 - -5?
16a88b0
In base 6, what is 23 + 21532?
21555
In base 7, what is 1002 + -136?
533
In base 4, what is -10210 + -131032?
-201302
In base 6, what is -4 - -254004?
254000
In base 15, what is -5be + 9?
-5b5
In base 13, what is 4 - 1565?
-1561
In base 7, what is -5 + -115145?
-115153
In base 6, what is -210254 - -4?
-210250
In base 12, what is -24 + 23b?
217
In base 3, what is -1201021 - 10001?
-1211022
In base 10, what is -15 + -874?
-889
In base 4, what is 103202130 - -2?
103202132
In base 14, what is 7369 + 173?
74dc
In base 2, what is -1010100101010101 + 11?
-1010100101010010
In base 5, what is -221130 + 3?
-221122
In base 10, what is 0 - -14028?
14028
In base 11, what is 5 - 250a7?
-250a2
In base 7, what is -14165 + 166?
-13666
In base 5, what is 2243010 + 0?
2243010
In base 12, what is 15 - -1b1b?
1b34
In base 15, what is 26ea3e - -2?
26ea41
In base 14, what is 10d3 + -17?
10ba
In base 10, what is -1432 + -83?
-1515
In base 6, what is -13 - 51245?
-51302
In base 15, what is -9d + -12?
-b0
In base 9, what is 0 + 1563684?
1563684
In base 4, what is -22 + -20133103?
-20133131
In base 13, what is 23 - -2b1b?
2b41
In base 2, what is -10111011110111 + 111?
-10111011110000
In base 2, what is -10 - -1011010011000?
1011010010110
In base 10, what is 75350 - 0?
75350
In base 7, what is -40 + -22641?
-23011
In base 13, what is 1 + 11990?
11991
In base 3, what is 22021000 - -120?
22021120
In base 4, what is -10000 + 103011?
33011
In base 16, what is -692b + 3?
-6928
In base 12, what is 8 - -4921?
4929
In base 7, what is -1601 + -424?
-2325
In base 5, what is 243 + -24221?
-23423
In base 10, what is -67672 + -4?
-67676
In base 5, what is 124 + -13323?
-13144
In base 14, what is 4 - 6719?
-6715
In base 7, what is 3 + -52254?
-52251
In base 15, what is 16 + 21c08?
21c1e
In base 13, what is 1 + 345aa?
345ab
In base 10, what is 46 - 8605?
-8559
In base 5, what is -22001 - 21243?
-43244
In base 10, what is 1 - -2956?
2957
In base 8, what is 146 + 3261?
3427
In base 11, what is 0 - 22158?
-22158
In base 3, what is -220 + -1002000?
-1002220
In base 9, what is -78231 - 0?
-78231
In base 2, what is -11100001011101011000 + -11?
-11100001011101011011
In base 10, what is -2 - -2460?
2458
In base 5, what is -1244 - -40314?
34020
In base 7, what is -24 + 115016?
114662
In base 4, what is -11021 + 32021?
21000
In base 11, what is -5 + -578?
-582
In base 14, what is -4 + 1551b?
15517
In base 7, what is 2223 + -132?
2061
In base 8, what is 10 + 5423?
5433
In base 11, what is 2 + -26798?
-26796
In base 9, what is -13218511 - 4?
-13218515
In base 5, what i